hat is the units digit of p?
8
Let b(t) = -221*t**3 + 2*t + 1. Let f be b(-1). Suppose -3*q = -f - 443. What is the tens digit of q?
2
Let l = 10203 - 5935. What is the thousands digit of l?
4
Let j(q) = -7*q - 12. Let z be j(4). Let v = -6 + 9. What is the tens digit of (v/2)/((-6)/z)?
1
Suppose -1152 = -5*g - 2*t, 9*g - t - 1164 = 4*g. What is the tens digit of g?
3
Let r(i) = -i**2 - 11*i + 19. Let c be 12/3*(-140)/(-16). Suppose -4*x + 4*w - 20 = 0, 2*x + 3*x + c = 3*w. What is the units digit of r(x)?
9
Let b(y) = 3*y**2 - 48*y - 65. What is the tens digit of b(20)?
7
Let y(v) = -v - 1. Let u be y(-1). Let o(f) = 55*f - 221. Let s be o(5). Suppose 0 = 3*a - u*a - s. What is the tens digit of a?
1
Let f be (-18)/(-4) + (-4)/8. Suppose f*a = a + 54. Suppose 0*r = r - a. What is the units digit of r?
8
Let w = -102 + 144. What is the units digit of 410/7 - (192/w - 5)?
9
Suppose 2*f + 5*r = -9, 5*r - 3*r - 54 = 4*f. Let o = 54 + f. What is the tens digit of o?
4
Suppose x = 5 - 2. Let w be (-87)/(-12) + x/(-12). Suppose -q - w = -24. What is the tens digit of q?
1
What is the hundreds digit of 5 - (3 + -5) - -129?
1
Suppose 5*g - 6*g = -6*g. Suppose 5*p - 2*i = 4*p, 4*p - 4*i = 4. Suppose -47 = -p*w - 5*o + 4, -4*o + 12 = g. What is the units digit of w?
8
Let f = -2631 + 4170. What is the hundreds digit of f?
5
Let k = -17 - -36. Suppose 5*y = 2*j + k, -j + y + 13 = 3*y. What is the units digit of j?
3
Let v(x) = -x - 5 - 1 + 3 - 1. Let i be v(-6). Suppose 0 = i*c - 30. What is the tens digit of c?
1
Let v = 96 - 93. Suppose v*d = 5*u + 278, -5*d = 5*u + 192 - 722. What is the tens digit of d?
0
Let b(w) = w**2 + 11*w - 2. Let r(s) = -3*s + 8. Let k be 14/8*-2*-2. Let n be r(k). What is the tens digit of b(n)?
2
Let j(u) = u**2 + 8*u + 2. Let m be j(-8). Suppose m = 2*t - 6. Let r(d) = 8*d - 11. What is the tens digit of r(t)?
2
Let i be (1 + -1)/((5/(-5))/(-1)). Suppose c + i = 19. What is the units digit of c?
9
Let a(r) = -r - 5. Let t be a(-6). Let h(k) = 51*k - 1. What is the tens digit of h(t)?
5
Let y(d) = 13*d**2 - 16*d - 33. What is the tens digit of y(-9)?
6
Suppose 16*c = -4*z + 15*c + 557, 4*z - 2*c - 542 = 0. What is the tens digit of z?
3
Suppose 5*m + 100 = -5*g, m + 109 = -5*g - m. Let u = 102 + g. What is the units digit of u?
9
Let y = 9 + 40. Suppose -i - 20 = -g - g, 5*g - 3*i = y. What is the units digit of g?
1
Suppose -s - 3*g = -282, 305 = 2*s + g - 274. What is the units digit of s?
1
Suppose -4*r + 654 = -5994. What is the thousands digit of r?
1
Let w(a) = a**3 + 7*a**2 + 9*a - 1. Let n be w(-5). Suppose 5*z - 98 = -2*q, 4*q - n*z + 0*z - 140 = 0. What is the units digit of q?
9
Suppose -7 = -10*a + 13. Suppose 957 = 5*n + a*p, -2*n - p + 377 = -6*p. What is the hundreds digit of n?
1
Let f be (-93)/(-33) + (-2)/(-11). Suppose -2*d = -3*t + 64, -2*t = f*d - 6*t + 94. Let u = d + 38. What is the units digit of u?
2
Let f = -1914 - -3537. What is the hundreds digit of f?
6
Let n = -20 + 32. Suppose -2*b + 4 = -5*b + 4*u, -5*b - u = -24. Suppose 4*d = n, -g = -3*g - b*d + 34. What is the tens digit of g?
1
Suppose -7*v + 15 = -4*v. Let s = 13 - 13. Suppose 5*p + 29 + s = w, -v*w = p - 67. What is the units digit of w?
4
Suppose -q - 11 = -11. Suppose q = 4*j - 20, 2*b + 2*j = -3*j + 91. What is the tens digit of b?
3
Let u(o) = 6*o**3 + o**2 - o - 1. Let d be u(-3). Let z = 211 + d. Suppose 0 = -3*p - 4*n + z, n + n = -p + 22. What is the tens digit of p?
1
Let u = 726 + -442. What is the units digit of u?
4
Let t(y) = y**3 - 13*y**2 - 13*y - 9. Let z be t(14). Suppose 0 = -5*c + 4*m - 0*m - 43, 0 = -4*c - 5*m - 18. Let u = z - c. What is the tens digit of u?
1
Let a be (6/8)/((5/220)/1). Suppose -4*s + 11 + a = 0. What is the units digit of s?
1
Let r(l) = -32*l + 22. Let n be r(-11). Suppose t + 10 = -t, 3*w = -5*t + n. What is the hundreds digit of w?
1
What is the units digit of 309 - (-12)/4 - (-9 + 9)?
2
Let w = 627 + -141. What is the tens digit of w?
8
Let t be 58/((-5)/(-310)*-2). What is the tens digit of t/(-8) - (-5)/20?
2
What is the units digit of 7158/(-4)*(-80)/120?
3
Suppose 0 = 5*n + 5*p - 90, -3*n - n = -5*p - 54. Suppose c + n - 90 = 0. What is the tens digit of c?
7
Let n be 2*-2 + -5 + 7. What is the tens digit of (3 - (-42)/(-4))*n?
1
Suppose 8 = -2*w, 4*p - 4*w = 2*p + 328. Let j = 296 - p. What is the tens digit of 7/(j/204)*5?
5
Suppose 4*m - 11 = 1. What is the tens digit of 48 + m + 0 + 2 + -3?
5
Suppose 11*y = -281 - 5. What is the tens digit of -3*2/(-3) - y?
2
What is the units digit of (-31 - 7)/(38/(-4503))?
3
Suppose 0 = -k + 201 - 31. Let q = k + -23. What is the hundreds digit of q?
1
Let k(w) = 30*w - 18. Suppose -4*g + 23 = t, -g = t - 5*t + 24. What is the hundreds digit of k(t)?
1
Suppose 20 = 6*c - 16*c. What is the units digit of 4/(48/1494)*c/(-3)?
3
Suppose -11667 = -30*i + 137493. What is the thousands digit of i?
4
Let x be 5*(4 + 4 + -7). Suppose -5*z - 4*w + 5 = 0, -x*z - 3*w - 2*w = 0. Suppose 4*g - z*v = 152, 4*v + 203 = 5*g + 13. What is the units digit of g?
8
Suppose k - 276 = -2*k. Suppose 108 = 2*n - 5*s, -2*n + s + k = -0*s. Suppose -3*c + n = c. What is the tens digit of c?
1
Suppose 29*c - 59*c + 47430 = 0. What is the thousands digit of c?
1
Suppose -3*o = -5*o + 2, -5*o + 27 = -2*q. Let w = q - -16. Let z = w - -29. What is the units digit of z?
4
Suppose 3*c - 72 = -2*y - y, 0 = 2*y + c - 50. Suppose 76 = 5*a + y. Suppose 2*k + a = 3*k. What is the tens digit of k?
1
Let c = 2436 + -1556. What is the units digit of c?
0
Suppose -6*h + 17 = -13. Let o(s) = 21*s - 6. What is the tens digit of o(h)?
9
Let n(u) = -u**2 + 7*u + 12. Let w be n(-12). Let i = 314 + w. What is the units digit of i?
8
Let v = 2220 - 1765. What is the tens digit of v?
5
What is the hundreds digit of -3*(-2 - 3472/21)?
5
Let u = 42 + -34. Let r(g) = -g**2 - 7*g - 6. Let i be r(-5). What is the units digit of ((-159)/i)/((-6)/u)?
3
Suppose 0*c = 2*c + 3*f - 96, 192 = 4*c + f. Let o = c - -83. What is the hundreds digit of o?
1
Let c be (-18)/117 - (-123)/39. Suppose 2*i = c*i, 0 = -4*b + 2*i + 260. What is the units digit of b?
5
Let f be 1*7 - (7 + -4). Suppose r + 3*r - 10 = y, -f*y - 4 = -4*r. Suppose -p = -r*w + 32, 0 = -w - 2*p + 6*p + 29. What is the units digit of w?
9
Let i = -18 - -25. Suppose -i = -z + 38. What is the tens digit of z?
4
Let w(o) = 2*o**2 + 2*o + 1. Let h be w(-2). Suppose 3*b - 4*b = -4*n - 58, -h*n = -2*b + 122. What is the tens digit of b?
6
Let i = -1656 + 2588. What is the tens digit of i?
3
Let b be (-625)/5 - (-1 - (-2 - -2)). What is the tens digit of b/1*56/(-32)?
1
Let z(v) = -v**2 - 9*v + 13. Let c be (-2)/6*-10*-3. Let s be z(c). Suppose 5*t - 77 + 2 = 3*h, -30 = -2*t - s*h. What is the tens digit of t?
1
Let v = 416 + -122. Let h = v - 196. Let i = h - 70. What is the units digit of i?
8
Let w = 260 + -70. What is the tens digit of w?
9
Suppose 4*m - 176 = -3*l, -m - 192 = -5*m + l. Let j be 188/6 + (-7)/(-21)*-4. Let g = m - j. What is the tens digit of g?
1
Let w be (-2 + 3 - 1) + -4. Let i(o) = 3*o - 1 - 3*o**2 + 2*o + 5*o**2. What is the units digit of i(w)?
1
Let i be (-2)/(4/3)*(-8)/(-12). What is the tens digit of (1/i)/((-3)/291)?
9
Suppose -3*h + 0*h = -345. Suppose -4*z = z + h. Let n = 32 + z. What is the units digit of n?
9
Let s = 338 + -271. What is the units digit of s?
7
Let r(h) = -h**2 + 6*h - 3. Let g be r(6). Let v be (3 - (0 - g))*1. Let m(a) = a**2 - 2*a + 17. What is the tens digit of m(v)?
1
Suppose 2*g - 5 = g. Let d(o) = 4*o + 3*o - g*o - 14. What is the units digit of d(14)?
4
What is the units digit of 1/((14/7)/1318)?
9
Let q(x) = -2*x**3 + 4*x**2 - 5*x + 11. Let i be q(5). Let a = i + 422. What is the units digit of a?
8
Let x = -8 - -18. Let p be x/6 - 2/3. What is the units digit of (3/6)/(p/8)?
4
Let s(k) = -k**3 - 5*k**2 + 7*k + 7. Let f be -3 - -34 - (4 - 3). Suppose 7*v - 2*v + f = 0. What is the units digit of s(v)?
1
Suppose 446 = 3*p - 361. What is the hundreds digit of p?
2
Suppose 3*c + 0 = 6. Let u(j) = -2*j**3 - 3*j**3 - 2*j + 2*j**2 - 2 - 6*j**2 + c*j**2. What is the units digit of u(-2)?
4
Suppose -4*s = -5*j + 14 + 31, -2*j + 2*s + 20 = 0. Suppose -2*m - 3*m + j = 2*w, 1 = m - w. What is the units 